{"id":3183,"date":"2017-11-21T15:15:08","date_gmt":"2017-11-21T14:15:08","guid":{"rendered":"https:\/\/www.es-karlsruhe.eu\/?page_id=3183"},"modified":"2025-09-30T13:45:07","modified_gmt":"2025-09-30T11:45:07","slug":"nachmittagsbetreuung","status":"publish","type":"page","link":"https:\/\/www.es-karlsruhe.eu\/de\/unsere-schule\/schulerservice\/nachmittagsbetreuung\/","title":{"rendered":"Nachmittagsbetreuung"},"content":{"rendered":"<div class=\"title-deco\" id=\"\"><div class=\"blue-bloc\"><\/div><h2 class=\"title\">MoMi\/NaMi<\/h2><\/div>\n<h3>Nachmittagsbetreuung an der ESK<\/h3>\n<p><strong>Ansprechpartner<\/strong><\/p>\n<p><span class=\"name-of-person\"><b>Frau Corina Mayer<\/b><\/span><br \/>\n<a class=\"mail\" title=\"Email\">&#x69;&#x6e;&#x66;&#x6f;&#x40;&#x6d;&#x6f;&#x6d;&#x69;&#x2d;&#x6e;&#x61;&#x63;&#x68;&#x6d;&#x69;&#x74;&#x74;&#x61;&#x67;&#x73;&#x62;&#x65;&#x74;&#x72;&#x65;&#x75;&#x75;&#x6e;&#x67;&#x2e;&#x65;&#x75;<\/a><br \/>\nTel.: 0163 8289399<\/p>\n<p><b>Arbeitsbereich:<\/b><br \/>\n\u2022 Organisation<br \/>\n\u2022 Finanzen<\/p>\n<p>Gerade f\u00fcr berufst\u00e4tige Eltern sind die Kernzeiten des Schulunterrichts nicht mit den eigenen Arbeitszeiten koordinierbar. Hierf\u00fcr haben wir eine Nachmittagsbetreuung eingerichtet, die mit Ende der letzten Unterrichtsstunde beginnt. Die Nachmittagsbetreuung findet von Montag bis Freitag bis 18 Uhr statt.<\/p>\n<p>Die Nachmittagsbetreuung MoMi\/Nami wird von der\u00a0<strong>MoMi-Nachmittagsbetreuung an der Europ\u00e4ischen Schule Karlsruhe e. V.<\/strong>\u00a0organisiert.<\/p>\n<p><strong>Ablauf MoMi<\/strong><\/p>\n<p>Das MoMi findet jeden Montag-, Mittwoch- und Freitagnachmittag von 12:15 bis 15:35 Uhr statt.<\/p>\n<p>Die Kinder werden gemeinsam in einer Gruppe betreut. Unser Angebot umfasst: Mittagessen in der Kantine, Freispiel, Hausaufgabenbetreuung und kreatives Angebot. Zun\u00e4chst essen die Kinder gemeinsam in der Schulkantine. Danach ist je nach Programm der Betreuer erst einmal Austoben im Freien angesagt oder andere Aktivit\u00e4ten, die den Kopf frei machen. Danach machen die Sch\u00fcler unter Aufsicht ihre Hausaufgaben. Dabei sorgen die Betreuer f\u00fcr die notwendige Ruhe und Arbeitsatmosph\u00e4re; bei Fragen geben sie gerne Tipps \u2013 die Nachmittagsbetreuung kann und will aber keine Nachhilfe leisten, sondern vielmehr selbst\u00e4ndiges ordentliches Arbeiten erm\u00f6glichen und unterst\u00fctzen.<\/p>\n<p>Die Sch\u00fclerinnen und Sch\u00fcler werden von qualifizierten Lehrkr\u00e4ften oder Erziehern betreut und umsorgt \u2013 in verschiedenen Sprachen und in ihrer vertrauten schulischen Umgebung.<\/p>\n<p><strong>Ablauf NaMi<\/strong><\/p>\n<p>NaMi findet jeden Nachmittag von Montag bis Donnerstag von 15.35 \u2013 18.00 Uhr und Freitag von 15.35 \u2013 17.00 Uhr und 17.00 \u2013 18.00 Uhr statt.<\/p>\n<p>Die Kinder werden gemeinsam in einer Gruppe betreut. Unser Angebot umfasst: Freispiel, gesunder Snack (Obst, Gem\u00fcse etc.) und kreatives Angebot.<\/p>\n<h3>Abwesenheit<\/h3>\n<p>Wurde die krankheitsbedingte Abwesenheit eines Kindes bereits am Morgen gemeldet, so gilt diese Mitteilung auch f\u00fcr die Nachmittagsbetreuung. Nimmt ein Kind am regul\u00e4ren Unterricht teil, jedoch nicht an der Nachmittagsbetreuung, ist die verantwortliche Person dar\u00fcber zu informieren.<\/p>\n<p>Bitte informieren Sie uns bei nicht Teilnahme Ihres Kindes an MoMi\/Nami sp\u00e4testens am selben Tag bis 11 Uhr per email an:<strong>\u00a0\u00a0<\/strong><a href=\"mailto&#58;&#105;&#110;&#102;&#111;&#64;&#109;&#x6f;&#x6d;&#x69;&#x2d;&#x6e;&#x61;&#x63;&#x68;&#x6d;&#x69;&#x74;&#x74;agsbet&#114;&#101;&#117;&#117;&#110;&#103;&#46;&#x65;&#x75;\"><strong>info&#64;m&#111;&#109;&#105;&#45;&#110;&#97;&#99;&#x68;&#x6d;&#x69;&#x74;&#x74;&#x61;&#x67;&#x73;&#x62;&#x65;&#x74;&#x72;euung&#46;&#101;&#117;<\/strong><\/a><\/p>\n<h3>Zeitplan<\/h3>\n<p>Um eine zuverl\u00e4ssige Planung zu gew\u00e4hrleisten, kann die Teilnahme an der Nachmittagsbetreuung <strong>nur<\/strong> f\u00fcr jeweils ein Schulhalbjahr <strong>oder<\/strong> f\u00fcrs ganze Schuljahr getroffen werden.<\/p>\n<p><strong>Das erste Halbjahr\u00a0<\/strong>Nachmittagsbetreuung beginnt in der Regel mit dem 1. Schultag und endet am 31. Januar des darauffolgenden Jahres. Die Betreuung am p\u00e4dagogischen Tag (schulfrei, \u00fcblicherweise im Nov.) ist f\u00fcr MoMi\/NaMi Kinder (Kindergarten, Klasse 1 und evtl. Klasse 2) von 8-16 Uhr ohne Mehrkosten m\u00f6glich.<\/p>\n<p><strong>Das zweite Halbjahr<\/strong>\u00a0der Nachmittagsbetreuung beginnt am 1. Februar und endet mit dem letzten offiziellen Schultag.<\/p>\n<p>An Tagen, an denen kein regul\u00e4rer Unterricht stattfindet, entf\u00e4llt auch die Nachmittagsbetreuung.<\/p>\n<p>Sowohl in der MoMi als auch in der NaMi wird kein F\u00f6rder- oder Nachhilfeunterricht erteilt; die Hausaufgaben werden soweit m\u00f6glich erledigt.<\/p>\n<div class=\"title-deco\" id=\"\"><div class=\"blue-bloc\"><\/div><h2 class=\"title\">Nachmittagsbetreuung an der ESK<\/h2><\/div>\n<p><strong>MoMi: Mo, Mi u. Fr: 12.15 &#8211; 15.35 Uhr<\/strong><br \/>\n<strong>NaMi:\u00a0 Mo\u00a0&#8211; Do: 15.35 &#8211; 18.00 Uhr<\/strong><br \/>\n<strong>\u00a0\u00a0\u00a0\u00a0\u00a0\u00a0\u00a0\u00a0\u00a0\u00a0\u00a0\u00a0\u00a0\u00a0 Fr: 15.35 &#8211; 17.00 Uhr und 17.00 &#8211; 18.00 Uhr<\/strong><\/p>\n<h3>Inhalte<\/h3>\n<ul>\n<li>Hausaufgabenbetreuung<\/li>\n<li>Sport und Bewegungsangebote<\/li>\n<li>Kleine Spiele (Gesellschaftsspiele, Kartenspiele, Rollenspiele, freies Spiel)<\/li>\n<li>Basteln, Singen, Tanzen, Kochen<\/li>\n<\/ul>\n<p>Die Sch\u00fcler werden von qualifizierten Lehrkr\u00e4ften bzw. Erziehern im mehrsprachigen und vertrauten Umfeld der Europ\u00e4ischen Schule betreut und beaufsichtigt.<\/p>\n<div class=\"title-deco\" id=\"\"><div class=\"blue-bloc\"><\/div><h2 class=\"title\">Kurze Info zum Ablauf der NaMi<\/h2><\/div>\n<h3>Organisation<\/h3>\n<p>Alle MoMi &amp; NaMi Kinder werden zu Beginn des Schuljahres (ca. 4 Wochen lang) immer vor den Klassenzimmern von den Betreuern abgeholt. Im weiteren Verlauf des Schuljahres kommen die Schulkinder (Klasse 1 bis 5) selbst\u00e4ndig zum jeweiligen Betreuungsraum. Die Kindergartenkinder werden stets im Kindergartenbereich von den Betreuern abgeholt. Die Betreuungsr\u00e4ume sind dem Infobrett in Geb\u00e4ude A zu entnehmen.<\/p>\n<p>Die MoMi Kinder fahren um 15.35 Uhr mit den Verkehrsmitteln nach Hause oder werden abgeholt.<\/p>\n<p>Falls ein MoMi Kind um 15.45 Uhr nicht abgeholt wird, wird es von den Erzieherinnen zur NaMi gebracht.<\/p>\n<p>Sp\u00e4testens alle NaMi Kinder m\u00fcssen bis 18.00 Uhr abgeholt werden!<\/p>\n<p><strong>Anmeldung und Bezahlung<\/strong><\/p>\n<p><strong>Das Anmeldung und Bezahlung der Betreuungszeiten erfolgt online durch Kauf \u00fcber unsere Webseite\u00a0<\/strong><a href=\"http:\/\/www.momi-nachmittagsbetreuung.eu\/\"><strong>www.momi-nachmittagsbetreuung.eu<\/strong><\/a><\/p>\n<p>Bei sp\u00e4terer Anmeldung aufgrund sp\u00e4teren Schuleintritts, bitte mit dem Verein in Verbindung treten zwecks besonderer Vereinbarung.<\/p>\n<p>Das <strong>Informationsblatt zum Datenschutz<\/strong> steht Ihnen zum \u00d6ffnen oder Herunterladen zur Verf\u00fcgung:<\/p>\n<h3>\u00a0\u00a0\u00a0\u00a0\u00a0\u00a0\u00a0\u00a0\u00a0\u00a0\u00a0\u00a0\u00a0\u00a0\u00a0\u00a0\u00a0\u00a0\u00a0\u00a0\u00a0\u00a0\u00a0\u00a0\u00a0\u00a0\u00a0\u00a0\u00a0\u00a0\u00a0\u00a0\u00a0\u00a0\u00a0\u00a0\u00a0\u00a0\u00a0\u00a0\u00a0\u00a0\u00a0\u00a0\u00a0\u00a0 \u00a0\u00a0\u00a0\u00a0\u00a0\u00a0\u00a0\u00a0<a href=\"https:\/\/www.es-karlsruhe.eu\/wp-content\/uploads\/2019\/07\/Informationsblatt-Datenschutz.pdf\" target=\"_blank\" rel=\"noopener noreferrer\">Informationsblatt Datenschutz\/Information sheet<br \/>\n<\/a>\u00a0\u00a0\u00a0\u00a0\u00a0\u00a0\u00a0\u00a0\u00a0\u00a0\u00a0\u00a0\u00a0\u00a0\u00a0\u00a0\u00a0\u00a0\u00a0\u00a0\u00a0\u00a0\u00a0\u00a0\u00a0\u00a0\u00a0\u00a0\u00a0\u00a0\u00a0\u00a0\u00a0\u00a0\u00a0\u00a0\u00a0\u00a0\u00a0\u00a0\u00a0\u00a0\u00a0\u00a0\u00a0\u00a0\u00a0\u00a0\u00a0\u00a0\u00a0\u00a0\u00a0\u00a0 <a href=\"https:\/\/www.es-karlsruhe.eu\/wp-content\/uploads\/2019\/07\/Informationsblatt-Datenschutz.pdf\" target=\"_blank\" rel=\"noopener noreferrer\">for the protection of your personal data_MoMi<\/a><\/h3>\n<h3><\/h3>\n","protected":false},"excerpt":{"rendered":"<p>Nachmittagsbetreuung an der ESK Ansprechpartner Frau Corina Mayer &#105;&#x6e;&#102;&#x6f;&#64;&#109;&#x6f;&#109;&#x69;-&#x6e;a&#99;&#x68;&#109;&#x69;t&#x74;&#x61;&#103;&#x73;b&#x65;t&#114;&#x65;&#117;&#x75;n&#x67;&#46;&#101;&#x75; Tel.: 0163 8289399 Arbeitsbereich: \u2022 Organisation \u2022 Finanzen Gerade f\u00fcr berufst\u00e4tige Eltern sind die Kernzeiten des Schulunterrichts nicht mit den eigenen<a class=\"excerpt-read-more\" href=\"https:\/\/www.es-karlsruhe.eu\/de\/unsere-schule\/schulerservice\/nachmittagsbetreuung\/\" title=\"LesenNachmittagsbetreuung\">\u2026 weiterlesen &raquo;<\/a><\/p>\n","protected":false},"author":3,"featured_media":0,"parent":1386,"menu_order":0,"comment_status":"closed","ping_status":"closed","template":"","meta":{"footnotes":""},"class_list":["post-3183","page","type-page","status-publish","hentry"],"_links":{"self":[{"href":"https:\/\/www.es-karlsruhe.eu\/de\/wp-json\/wp\/v2\/pages\/3183","targetHints":{"allow":["GET"]}}],"collection":[{"href":"https:\/\/www.es-karlsruhe.eu\/de\/wp-json\/wp\/v2\/pages"}],"about":[{"href":"https:\/\/www.es-karlsruhe.eu\/de\/wp-json\/wp\/v2\/types\/page"}],"author":[{"embeddable":true,"href":"https:\/\/www.es-karlsruhe.eu\/de\/wp-json\/wp\/v2\/users\/3"}],"replies":[{"embeddable":true,"href":"https:\/\/www.es-karlsruhe.eu\/de\/wp-json\/wp\/v2\/comments?post=3183"}],"version-history":[{"count":15,"href":"https:\/\/www.es-karlsruhe.eu\/de\/wp-json\/wp\/v2\/pages\/3183\/revisions"}],"predecessor-version":[{"id":173797,"href":"https:\/\/www.es-karlsruhe.eu\/de\/wp-json\/wp\/v2\/pages\/3183\/revisions\/173797"}],"up":[{"embeddable":true,"href":"https:\/\/www.es-karlsruhe.eu\/de\/wp-json\/wp\/v2\/pages\/1386"}],"wp:attachment":[{"href":"https:\/\/www.es-karlsruhe.eu\/de\/wp-json\/wp\/v2\/media?parent=3183"}],"curies":[{"name":"wp","href":"https:\/\/api.w.org\/{rel}","templated":true}]}}

<div class="title-deco" id=""><div class="blue-bloc"></div><h2 class="title">MoMi/NaMi</h2></div>
<h3>Nachmittagsbetreuung an der ESK</h3>
<p><strong>Ansprechpartner</strong></p>
<p><span class="name-of-person"><b>Frau Corina Mayer</b></span><br />
<a class="mail" title="Email">&#x69;&#x6e;&#x66;&#x6f;&#x40;&#x6d;&#x6f;&#x6d;&#x69;&#x2d;&#x6e;&#x61;&#x63;&#x68;&#x6d;&#x69;&#x74;&#x74;&#x61;&#x67;&#x73;&#x62;&#x65;&#x74;&#x72;&#x65;&#x75;&#x75;&#x6e;&#x67;&#x2e;&#x65;&#x75;</a><br />
Tel.: 0163 8289399</p>
<p><b>Arbeitsbereich:</b><br />
• Organisation<br />
• Finanzen</p>
<p>Gerade für berufstätige Eltern sind die Kernzeiten des Schulunterrichts nicht mit den eigenen Arbeitszeiten koordinierbar. Hierfür haben wir eine Nachmittagsbetreuung eingerichtet, die mit Ende der letzten Unterrichtsstunde beginnt. Die Nachmittagsbetreuung findet von Montag bis Freitag bis 18 Uhr statt.</p>
<p>Die Nachmittagsbetreuung MoMi/Nami wird von der <strong>MoMi-Nachmittagsbetreuung an der Europäischen Schule Karlsruhe e. V.</strong> organisiert.</p>
<p><strong>Ablauf MoMi</strong></p>
<p>Das MoMi findet jeden Montag-, Mittwoch- und Freitagnachmittag von 12:15 bis 15:35 Uhr statt.</p>
<p>Die Kinder werden gemeinsam in einer Gruppe betreut. Unser Angebot umfasst: Mittagessen in der Kantine, Freispiel, Hausaufgabenbetreuung und kreatives Angebot. Zunächst essen die Kinder gemeinsam in der Schulkantine. Danach ist je nach Programm der Betreuer erst einmal Austoben im Freien angesagt oder andere Aktivitäten, die den Kopf frei machen. Danach machen die Schüler unter Aufsicht ihre Hausaufgaben. Dabei sorgen die Betreuer für die notwendige Ruhe und Arbeitsatmosphäre; bei Fragen geben sie gerne Tipps – die Nachmittagsbetreuung kann und will aber keine Nachhilfe leisten, sondern vielmehr selbständiges ordentliches Arbeiten ermöglichen und unterstützen.</p>
<p>Die Schülerinnen und Schüler werden von qualifizierten Lehrkräften oder Erziehern betreut und umsorgt – in verschiedenen Sprachen und in ihrer vertrauten schulischen Umgebung.</p>
<p><strong>Ablauf NaMi</strong></p>
<p>NaMi findet jeden Nachmittag von Montag bis Donnerstag von 15.35 – 18.00 Uhr und Freitag von 15.35 – 17.00 Uhr und 17.00 – 18.00 Uhr statt.</p>
<p>Die Kinder werden gemeinsam in einer Gruppe betreut. Unser Angebot umfasst: Freispiel, gesunder Snack (Obst, Gemüse etc.) und kreatives Angebot.</p>
<h3>Abwesenheit</h3>
<p>Wurde die krankheitsbedingte Abwesenheit eines Kindes bereits am Morgen gemeldet, so gilt diese Mitteilung auch für die Nachmittagsbetreuung. Nimmt ein Kind am regulären Unterricht teil, jedoch nicht an der Nachmittagsbetreuung, ist die verantwortliche Person darüber zu informieren.</p>
<p>Bitte informieren Sie uns bei nicht Teilnahme Ihres Kindes an MoMi/Nami spätestens am selben Tag bis 11 Uhr per email an:<strong>  </strong><a href="mailto&#58;&#105;&#110;&#102;&#111;&#64;&#109;&#x6f;&#x6d;&#x69;&#x2d;&#x6e;&#x61;&#x63;&#x68;&#x6d;&#x69;&#x74;&#x74;agsbet&#114;&#101;&#117;&#117;&#110;&#103;&#46;&#x65;&#x75;"><strong>info&#64;m&#111;&#109;&#105;&#45;&#110;&#97;&#99;&#x68;&#x6d;&#x69;&#x74;&#x74;&#x61;&#x67;&#x73;&#x62;&#x65;&#x74;&#x72;euung&#46;&#101;&#117;</strong></a></p>
<h3>Zeitplan</h3>
<p>Um eine zuverlässige Planung zu gewährleisten, kann die Teilnahme an der Nachmittagsbetreuung <strong>nur</strong> für jeweils ein Schulhalbjahr <strong>oder</strong> fürs ganze Schuljahr getroffen werden.</p>
<p><strong>Das erste Halbjahr </strong>Nachmittagsbetreuung beginnt in der Regel mit dem 1. Schultag und endet am 31. Januar des darauffolgenden Jahres. Die Betreuung am pädagogischen Tag (schulfrei, üblicherweise im Nov.) ist für MoMi/NaMi Kinder (Kindergarten, Klasse 1 und evtl. Klasse 2) von 8-16 Uhr ohne Mehrkosten möglich.</p>
<p><strong>Das zweite Halbjahr</strong> der Nachmittagsbetreuung beginnt am 1. Februar und endet mit dem letzten offiziellen Schultag.</p>
<p>An Tagen, an denen kein regulärer Unterricht stattfindet, entfällt auch die Nachmittagsbetreuung.</p>
<p>Sowohl in der MoMi als auch in der NaMi wird kein Förder- oder Nachhilfeunterricht erteilt; die Hausaufgaben werden soweit möglich erledigt.</p>
<div class="title-deco" id=""><div class="blue-bloc"></div><h2 class="title">Nachmittagsbetreuung an der ESK</h2></div>
<p><strong>MoMi: Mo, Mi u. Fr: 12.15 &#8211; 15.35 Uhr</strong><br />
<strong>NaMi:  Mo &#8211; Do: 15.35 &#8211; 18.00 Uhr</strong><br />
<strong>               Fr: 15.35 &#8211; 17.00 Uhr und 17.00 &#8211; 18.00 Uhr</strong></p>
<h3>Inhalte</h3>
<ul>
<li>Hausaufgabenbetreuung</li>
<li>Sport und Bewegungsangebote</li>
<li>Kleine Spiele (Gesellschaftsspiele, Kartenspiele, Rollenspiele, freies Spiel)</li>
<li>Basteln, Singen, Tanzen, Kochen</li>
</ul>
<p>Die Schüler werden von qualifizierten Lehrkräften bzw. Erziehern im mehrsprachigen und vertrauten Umfeld der Europäischen Schule betreut und beaufsichtigt.</p>
<div class="title-deco" id=""><div class="blue-bloc"></div><h2 class="title">Kurze Info zum Ablauf der NaMi</h2></div>
<h3>Organisation</h3>
<p>Alle MoMi &amp; NaMi Kinder werden zu Beginn des Schuljahres (ca. 4 Wochen lang) immer vor den Klassenzimmern von den Betreuern abgeholt. Im weiteren Verlauf des Schuljahres kommen die Schulkinder (Klasse 1 bis 5) selbständig zum jeweiligen Betreuungsraum. Die Kindergartenkinder werden stets im Kindergartenbereich von den Betreuern abgeholt. Die Betreuungsräume sind dem Infobrett in Gebäude A zu entnehmen.</p>
<p>Die MoMi Kinder fahren um 15.35 Uhr mit den Verkehrsmitteln nach Hause oder werden abgeholt.</p>
<p>Falls ein MoMi Kind um 15.45 Uhr nicht abgeholt wird, wird es von den Erzieherinnen zur NaMi gebracht.</p>
<p>Spätestens alle NaMi Kinder müssen bis 18.00 Uhr abgeholt werden!</p>
<p><strong>Anmeldung und Bezahlung</strong></p>
<p><strong>Das Anmeldung und Bezahlung der Betreuungszeiten erfolgt online durch Kauf über unsere Webseite </strong><a href="http://www.momi-nachmittagsbetreuung.eu/"><strong>www.momi-nachmittagsbetreuung.eu</strong></a></p>
<p>Bei späterer Anmeldung aufgrund späteren Schuleintritts, bitte mit dem Verein in Verbindung treten zwecks besonderer Vereinbarung.</p>
<p>Das <strong>Informationsblatt zum Datenschutz</strong> steht Ihnen zum Öffnen oder Herunterladen zur Verfügung:</p>
<h3>                                                       <a href="https://www.es-karlsruhe.eu/wp-content/uploads/2019/07/Informationsblatt-Datenschutz.pdf" target="_blank" rel="noopener noreferrer">Informationsblatt Datenschutz/Information sheet<br />
</a>                                                       <a href="https://www.es-karlsruhe.eu/wp-content/uploads/2019/07/Informationsblatt-Datenschutz.pdf" target="_blank" rel="noopener noreferrer">for the protection of your personal data_MoMi</a></h3>
<h3></h3>

<p>Nachmittagsbetreuung an der ESK Ansprechpartner Frau Corina Mayer &#105;&#x6e;&#102;&#x6f;&#64;&#109;&#x6f;&#109;&#x69;-&#x6e;a&#99;&#x68;&#109;&#x69;t&#x74;&#x61;&#103;&#x73;b&#x65;t&#114;&#x65;&#117;&#x75;n&#x67;&#46;&#101;&#x75; Tel.: 0163 8289399 Arbeitsbereich: • Organisation • Finanzen Gerade für berufstätige Eltern sind die Kernzeiten des Schulunterrichts nicht mit den eigenen<a class="excerpt-read-more" href="https://www.es-karlsruhe.eu/de/unsere-schule/schulerservice/nachmittagsbetreuung/" title="LesenNachmittagsbetreuung">… weiterlesen &raquo;</a></p>
