{"id":1079,"date":"2017-09-09T11:59:18","date_gmt":"2017-09-09T09:59:18","guid":{"rendered":"https:\/\/www.es-karlsruhe.eu\/?page_id=1079\/"},"modified":"2017-11-23T09:57:43","modified_gmt":"2017-11-23T08:57:43","slug":"anciens-eleves","status":"publish","type":"page","link":"https:\/\/www.es-karlsruhe.eu\/fr\/notre-ecole\/anciens-eleves\/","title":{"rendered":"Anciens \u00e9l\u00e8ves"},"content":{"rendered":"<div class=\"title-deco\" id=\"\"><div class=\"blue-bloc\"><\/div><h2 class=\"title\">Alumni Europae<\/h2><\/div>\n<p>Alumni Europae souhaite unir et r\u00e9unir les anciens \u00e9l\u00e8ves, ainsi que les parents, les enseignants et le personnel de toutes les \u00e9coles europ\u00e9ennes. Pour obtenir plus d&rsquo;informations et faire partie de l\u00b4organisation Alumni Europae, veuillez cliquer sur le lien ci-dessous.<\/p>\n<p>Vous allez quitter les pages de l`\u00c9cole Europ\u00e9enne de\u00a0Karlsruhe.\u00a0Nous d\u00e9clinons toute responsabilit\u00e9 sur le contenu des pages suivantes.<\/p>\n<span class=\"custom-link right\"><a href=\"http:\/\/www.alumnieuropae.org\" target=\"_blank\">Alumni Europae<\/a><\/span>\n","protected":false},"excerpt":{"rendered":"<p>Alumni Europae souhaite unir et r\u00e9unir les anciens \u00e9l\u00e8ves, ainsi que les parents, les enseignants et le personnel de toutes les \u00e9coles europ\u00e9ennes. Pour obtenir plus d&rsquo;informations et faire partie<a class=\"excerpt-read-more\" href=\"https:\/\/www.es-karlsruhe.eu\/fr\/notre-ecole\/anciens-eleves\/\" title=\"LireAnciens \u00e9l\u00e8ves\">&#8230; Read more &raquo;<\/a><\/p>\n","protected":false},"author":3,"featured_media":0,"parent":1057,"menu_order":0,"comment_status":"closed","ping_status":"closed","template":"","meta":{"footnotes":""},"class_list":["post-1079","page","type-page","status-publish","hentry"],"_links":{"self":[{"href":"https:\/\/www.es-karlsruhe.eu\/fr\/wp-json\/wp\/v2\/pages\/1079","targetHints":{"allow":["GET"]}}],"collection":[{"href":"https:\/\/www.es-karlsruhe.eu\/fr\/wp-json\/wp\/v2\/pages"}],"about":[{"href":"https:\/\/www.es-karlsruhe.eu\/fr\/wp-json\/wp\/v2\/types\/page"}],"author":[{"embeddable":true,"href":"https:\/\/www.es-karlsruhe.eu\/fr\/wp-json\/wp\/v2\/users\/3"}],"replies":[{"embeddable":true,"href":"https:\/\/www.es-karlsruhe.eu\/fr\/wp-json\/wp\/v2\/comments?post=1079"}],"version-history":[{"count":5,"href":"https:\/\/www.es-karlsruhe.eu\/fr\/wp-json\/wp\/v2\/pages\/1079\/revisions"}],"predecessor-version":[{"id":3020,"href":"https:\/\/www.es-karlsruhe.eu\/fr\/wp-json\/wp\/v2\/pages\/1079\/revisions\/3020"}],"up":[{"embeddable":true,"href":"https:\/\/www.es-karlsruhe.eu\/fr\/wp-json\/wp\/v2\/pages\/1057"}],"wp:attachment":[{"href":"https:\/\/www.es-karlsruhe.eu\/fr\/wp-json\/wp\/v2\/media?parent=1079"}],"curies":[{"name":"wp","href":"https:\/\/api.w.org\/{rel}","templated":true}]}}

Anciens élèves

<div class="title-deco" id=""><div class="blue-bloc"></div><h2 class="title">Alumni Europae</h2></div>
<p>Alumni Europae souhaite unir et réunir les anciens élèves, ainsi que les parents, les enseignants et le personnel de toutes les écoles européennes. Pour obtenir plus d&rsquo;informations et faire partie de l´organisation Alumni Europae, veuillez cliquer sur le lien ci-dessous.</p>
<p>Vous allez quitter les pages de l`École Européenne de Karlsruhe. Nous déclinons toute responsabilité sur le contenu des pages suivantes.</p>
<span class="custom-link right"><a href="http://www.alumnieuropae.org" target="_blank">Alumni Europae</a></span>

<p>Alumni Europae souhaite unir et réunir les anciens élèves, ainsi que les parents, les enseignants et le personnel de toutes les écoles européennes. Pour obtenir plus d&rsquo;informations et faire partie<a class="excerpt-read-more" href="https://www.es-karlsruhe.eu/fr/notre-ecole/anciens-eleves/" title="LireAnciens élèves">&#8230; Read more &raquo;</a></p>
