{"id":2549,"date":"2017-10-25T11:11:13","date_gmt":"2017-10-25T09:11:13","guid":{"rendered":"https:\/\/www.es-karlsruhe.eu\/?page_id=2549\/"},"modified":"2019-06-06T09:37:19","modified_gmt":"2019-06-06T07:37:19","slug":"transport","status":"publish","type":"page","link":"https:\/\/www.es-karlsruhe.eu\/fr\/notre-ecole\/services-aux-eleves\/transport\/","title":{"rendered":"Transport"},"content":{"rendered":"<p>Le transport des \u00e9l\u00e8ves de l&rsquo;Ecole Europ\u00e9enne de Karlsruhe est organis\u00e9 par une association \u00e0 but non lucratif, le\u00a0Comit\u00e9 de Transport. Le comit\u00e9 g\u00e8re toutes les questions concernant le transport de votre enfant.<\/p>\n<p>Le comit\u00e9 de transport organise et finance les bus et les trams scolaires en \u00e9troite collaboration avec le \u00ab\u00a0Schul-und Sportamt\u00a0\u00bb, le KVV (la compagnie des transports publics de Karlsruhe) et la compagnie de bus \u00ab\u00a0S\u00fcdwestbus\u00a0\u00bb.<\/p>\n<p>Pour plus d\u00b4informations, veuillez consulter le site de l\u00b4association des parents d\u00b4\u00e9l\u00e8ves en cliquant sur le lien suivant.<\/p>\n<p style=\"text-align: left;\"><span class=\"custom-link right\"><a href=\"https:\/\/www.eskar-transport.de\/\" target=\"_blank\">Comit\u00e9 de Transport<\/a><\/span>\n","protected":false},"excerpt":{"rendered":"<p>Le transport des \u00e9l\u00e8ves de l&rsquo;Ecole Europ\u00e9enne de Karlsruhe est organis\u00e9 par une association \u00e0 but non lucratif, le\u00a0Comit\u00e9 de Transport. Le comit\u00e9 g\u00e8re toutes les questions concernant le transport<a class=\"excerpt-read-more\" href=\"https:\/\/www.es-karlsruhe.eu\/fr\/notre-ecole\/services-aux-eleves\/transport\/\" title=\"LireTransport\">&#8230; Read more &raquo;<\/a><\/p>\n","protected":false},"author":3,"featured_media":0,"parent":1075,"menu_order":0,"comment_status":"closed","ping_status":"closed","template":"","meta":{"footnotes":""},"class_list":["post-2549","page","type-page","status-publish","hentry"],"_links":{"self":[{"href":"https:\/\/www.es-karlsruhe.eu\/fr\/wp-json\/wp\/v2\/pages\/2549","targetHints":{"allow":["GET"]}}],"collection":[{"href":"https:\/\/www.es-karlsruhe.eu\/fr\/wp-json\/wp\/v2\/pages"}],"about":[{"href":"https:\/\/www.es-karlsruhe.eu\/fr\/wp-json\/wp\/v2\/types\/page"}],"author":[{"embeddable":true,"href":"https:\/\/www.es-karlsruhe.eu\/fr\/wp-json\/wp\/v2\/users\/3"}],"replies":[{"embeddable":true,"href":"https:\/\/www.es-karlsruhe.eu\/fr\/wp-json\/wp\/v2\/comments?post=2549"}],"version-history":[{"count":3,"href":"https:\/\/www.es-karlsruhe.eu\/fr\/wp-json\/wp\/v2\/pages\/2549\/revisions"}],"predecessor-version":[{"id":47954,"href":"https:\/\/www.es-karlsruhe.eu\/fr\/wp-json\/wp\/v2\/pages\/2549\/revisions\/47954"}],"up":[{"embeddable":true,"href":"https:\/\/www.es-karlsruhe.eu\/fr\/wp-json\/wp\/v2\/pages\/1075"}],"wp:attachment":[{"href":"https:\/\/www.es-karlsruhe.eu\/fr\/wp-json\/wp\/v2\/media?parent=2549"}],"curies":[{"name":"wp","href":"https:\/\/api.w.org\/{rel}","templated":true}]}}

<p>Le transport des élèves de l&rsquo;Ecole Européenne de Karlsruhe est organisé par une association à but non lucratif, le Comité de Transport. Le comité gère toutes les questions concernant le transport de votre enfant.</p>
<p>Le comité de transport organise et finance les bus et les trams scolaires en étroite collaboration avec le « Schul-und Sportamt », le KVV (la compagnie des transports publics de Karlsruhe) et la compagnie de bus « Südwestbus ».</p>
<p>Pour plus d´informations, veuillez consulter le site de l´association des parents d´élèves en cliquant sur le lien suivant.</p>
<p style="text-align: left;"><span class="custom-link right"><a href="https://www.eskar-transport.de/" target="_blank">Comité de Transport</a></span>

<p>Le transport des élèves de l&rsquo;Ecole Européenne de Karlsruhe est organisé par une association à but non lucratif, le Comité de Transport. Le comité gère toutes les questions concernant le transport<a class="excerpt-read-more" href="https://www.es-karlsruhe.eu/fr/notre-ecole/services-aux-eleves/transport/" title="LireTransport">&#8230; Read more &raquo;</a></p>
