{"id":2568,"date":"2017-10-25T11:53:31","date_gmt":"2017-10-25T09:53:31","guid":{"rendered":"https:\/\/www.es-karlsruhe.eu\/?page_id=2568\/"},"modified":"2019-02-11T10:17:04","modified_gmt":"2019-02-11T09:17:04","slug":"activites-extra-scolaires","status":"publish","type":"page","link":"https:\/\/www.es-karlsruhe.eu\/fr\/notre-ecole\/services-aux-eleves\/activites-extra-scolaires\/","title":{"rendered":"Activit\u00e9s extra-scolaires"},"content":{"rendered":"<p>L&rsquo;association des parents, en coop\u00e9ration avec l &lsquo;Ecole Europ\u00e9enne de Karlsruhe organise un large \u00e9ventail d&rsquo;activit\u00e9s, pendant la pause de midi, l&rsquo;apr\u00e8s-midi et apr\u00e8s la fin des cours. Plusieurs activit\u00e9s sont accessibles aux enfants de la maternelle.<\/p>\n<p>Les activit\u00e9s couvrent le sport, la musique, le th\u00e9\u00e2tre, l&rsquo;art, des activit\u00e9s manuelles et autres.\u00a0Elles ont lieu \u00e0 l&rsquo;Ecole Europ\u00e9enne de Karlsruhe. La participation des \u00e9l\u00e8ves est facultative.<\/p>\n<p>Veuillez consulter le <a href=\"https:\/\/www.esk-eltern.de\/de\/\" target=\"_blank\" rel=\"noopener\">site de l\u00b4Association des parents d\u00b4\u00e9l\u00e8ves<\/a> pour plus d\u00b4informations sur l\u00b4offre actuelle.<\/p>\n","protected":false},"excerpt":{"rendered":"<p>L&rsquo;association des parents, en coop\u00e9ration avec l &lsquo;Ecole Europ\u00e9enne de Karlsruhe organise un large \u00e9ventail d&rsquo;activit\u00e9s, pendant la pause de midi, l&rsquo;apr\u00e8s-midi et apr\u00e8s la fin des cours. Plusieurs activit\u00e9s<a class=\"excerpt-read-more\" href=\"https:\/\/www.es-karlsruhe.eu\/fr\/notre-ecole\/services-aux-eleves\/activites-extra-scolaires\/\" title=\"LireActivit\u00e9s extra-scolaires\">&#8230; Read more &raquo;<\/a><\/p>\n","protected":false},"author":3,"featured_media":4105,"parent":1075,"menu_order":0,"comment_status":"closed","ping_status":"closed","template":"","meta":{"footnotes":""},"class_list":["post-2568","page","type-page","status-publish","has-post-thumbnail","hentry"],"_links":{"self":[{"href":"https:\/\/www.es-karlsruhe.eu\/fr\/wp-json\/wp\/v2\/pages\/2568","targetHints":{"allow":["GET"]}}],"collection":[{"href":"https:\/\/www.es-karlsruhe.eu\/fr\/wp-json\/wp\/v2\/pages"}],"about":[{"href":"https:\/\/www.es-karlsruhe.eu\/fr\/wp-json\/wp\/v2\/types\/page"}],"author":[{"embeddable":true,"href":"https:\/\/www.es-karlsruhe.eu\/fr\/wp-json\/wp\/v2\/users\/3"}],"replies":[{"embeddable":true,"href":"https:\/\/www.es-karlsruhe.eu\/fr\/wp-json\/wp\/v2\/comments?post=2568"}],"version-history":[{"count":5,"href":"https:\/\/www.es-karlsruhe.eu\/fr\/wp-json\/wp\/v2\/pages\/2568\/revisions"}],"predecessor-version":[{"id":35173,"href":"https:\/\/www.es-karlsruhe.eu\/fr\/wp-json\/wp\/v2\/pages\/2568\/revisions\/35173"}],"up":[{"embeddable":true,"href":"https:\/\/www.es-karlsruhe.eu\/fr\/wp-json\/wp\/v2\/pages\/1075"}],"wp:featuredmedia":[{"embeddable":true,"href":"https:\/\/www.es-karlsruhe.eu\/fr\/wp-json\/wp\/v2\/media\/4105"}],"wp:attachment":[{"href":"https:\/\/www.es-karlsruhe.eu\/fr\/wp-json\/wp\/v2\/media?parent=2568"}],"curies":[{"name":"wp","href":"https:\/\/api.w.org\/{rel}","templated":true}]}}

Activités extra-scolaires

<p>L&rsquo;association des parents, en coopération avec l &lsquo;Ecole Européenne de Karlsruhe organise un large éventail d&rsquo;activités, pendant la pause de midi, l&rsquo;après-midi et après la fin des cours. Plusieurs activités sont accessibles aux enfants de la maternelle.</p>
<p>Les activités couvrent le sport, la musique, le théâtre, l&rsquo;art, des activités manuelles et autres. Elles ont lieu à l&rsquo;Ecole Européenne de Karlsruhe. La participation des élèves est facultative.</p>
<p>Veuillez consulter le <a href="https://www.esk-eltern.de/de/" target="_blank" rel="noopener">site de l´Association des parents d´élèves</a> pour plus d´informations sur l´offre actuelle.</p>

<p>L&rsquo;association des parents, en coopération avec l &lsquo;Ecole Européenne de Karlsruhe organise un large éventail d&rsquo;activités, pendant la pause de midi, l&rsquo;après-midi et après la fin des cours. Plusieurs activités<a class="excerpt-read-more" href="https://www.es-karlsruhe.eu/fr/notre-ecole/services-aux-eleves/activites-extra-scolaires/" title="LireActivités extra-scolaires">&#8230; Read more &raquo;</a></p>
